 - 0*l - l - 10, -4*l = n + 4. Let v(i) = -3*i + n + 5*i + 3*i - i**2 - i**3. What are the prime factors of v(-3)?
7
Suppose -5*z - 46 = -2*i - z, -4*i - 5*z = -92. What are the prime factors of i?
23
Let m = 240 + -16. List the prime factors of m.
2, 7
Suppose 2*h = -3*h - 10, 3*v + h + 5 = 0. List the prime factors of 1 + 26 - (v + 3).
5
Let a = -55 - -86. List the prime factors of a.
31
Suppose 3*c + 41 = 146. What are the prime factors of c?
5, 7
Let p(b) = -b**3 + 3*b**2 + b - 3. Let f be p(3). Suppose 0 = -f*h - 3*h + 39. What are the prime factors of h?
13
Suppose -47 = -3*m - 5*i, -3*m - 5*i = -i - 43. List the prime factors of m.
3
Suppose -c + 3*p + 2 = 0, 2*c + 4*p = -3*c - 47. Let v = 12 + c. Let w = 0 + v. List the prime factors of w.
5
Suppose 69 + 36 = v - 3*o, -5*o = 4*v - 335. List the prime factors of v.
2, 3, 5
Suppose 4 = 2*c - 0*c. Suppose 7 = c*v - 63. List the prime factors of v.
5, 7
Suppose 0 = -7*j + 3*j + 300. What are the prime factors of j?
3, 5
Suppose 14 = -3*z + 5. Let t = -9 - z. Let b(a) = -2*a - 2. What are the prime factors of b(t)?
2, 5
Let z be (-6)/5*20/(-6). Suppose j + 14 = -5*o, -z*o - 10 = 5*j - 3. Let y = o - -5. List the prime factors of y.
2
List the prime factors of 102 + 2 + (-32)/8.
2, 5
Let p(h) = h**2 + 2*h + 11. List the prime factors of p(6).
59
What are the prime factors of (4/6)/((-2)/(-342))?
2, 3, 19
Suppose -4*j + 5*x = 21 - 206, -x - 91 = -2*j. What are the prime factors of j?
3, 5
Let b = -10 + 13. Suppose -3*k + k + 9 = q, 3*q - b*k = 18. What are the prime factors of q?
7
Let r(s) = 73*s + 8. List the prime factors of r(3).
227
Let y be (-1854)/(-15) - 6/(-15). Suppose y = 5*c - s - 6, -5*c = -3*s - 140. List the prime factors of c.
5
Suppose -3*t + 1 = 3*p - 20, -t - 3 = -4*p. Suppose 0 = -p*a - 3 + 33. List the prime factors of a.
3, 5
Let q(m) = -m**3 - 14*m**2 + 14*m - 18. Let g be q(-15). List the prime factors of g/((28/(-24))/7).
2, 3
Let g be 8/(-6)*(-9)/6. Suppose 20 = -5*k, 8 = 4*n - g*n + 2*k. What are the prime factors of n?
2
Let l(y) = -y**2 + 9*y + 5. Let m be l(9). Suppose -4*i + c = -21, 6*i - 3*i + m*c + 13 = 0. What are the prime factors of i?
2
Suppose 2*x + 1 = -1. Let y be ((-8)/2 + 1)/x. Let b = 2 + y. List the prime factors of b.
5
Let v be 4/6*(-30)/(-4). Suppose 30 = 4*s + o + 10, v*s - 28 = -2*o. List the prime factors of s.
2
Let z = 4 - 7. Let b(j) = 3*j - j**3 + 2*j**3 + 2*j**2 - 5*j + j**2. List the prime factors of b(z).
2, 3
Suppose -3*a = -3*c - 21, -2*a - 2*a + 34 = 2*c. Let t(f) = f**2 - 8*f + 7. Let o be t(7). Suppose o = -2*w + 3*w - a. What are the prime factors of w?
2
Let z = -179 - -107. Let w be ((-2)/6)/(3/z). Suppose w*o - 4*o = 52. What are the prime factors of o?
13
Suppose -4*n + 3*z = -44, n = -4*n - z + 36. Suppose -24 = -4*o + n. List the prime factors of o.
2
Let p(u) = -u**3 - 10*u**2 - 10*u + 5. Let t = -6 - 3. What are the prime factors of p(t)?
2, 7
Let n = 3 + 14. What are the prime factors of n?
17
Let p = 1 - -1. Suppose s - 13 = -4*c - 3, -4*c = p*s - 12. List the prime factors of c.
2
Suppose 4*m - 880 = -4*d, 5*d - 888 = -m + 196. List the prime factors of d.
2, 3
Suppose -5*f = d + 23, -d - 2*f - 7 = -f. Let x be 1 + (-1 - -2) + d. Let k(t) = -10*t. List the prime factors of k(x).
2, 5
Suppose -4*c + 2*c + 244 = 0. List the prime factors of c.
2, 61
Suppose -5*x + 30 = -3*x. Suppose 2 = v - x. What are the prime factors of v?
17
Let l(x) = -6*x**3 + 2*x**2. List the prime factors of l(-2).
2, 7
Let r = 0 + -2. List the prime factors of (-1 + -3)/(1/r).
2
Let q = 166 - 93. Let h = q - 26. Suppose -3*t + h = 5*v, -43 = -3*v - 2*v - 2*t. List the prime factors of v.
7
Let x(n) = 2*n**3 + 19*n**2 - 17*n + 4. What are the prime factors of x(-9)?
2, 7, 17
Suppose 0 = -5*c + 109 + 96. Let v = 57 - c. Let p = v + -6. List the prime factors of p.
2, 5
Suppose 13*z = 5*z + 1664. What are the prime factors of z?
2, 13
Suppose 0 = 4*v - 21 + 5. What are the prime factors of 1898/117 + v/(-18)?
2
Suppose 0 = 16*k - 20*k + 372. List the prime factors of k.
3, 31
Suppose 0 = -2*p + p + 102. List the prime factors of p.
2, 3, 17
Suppose 4*l + 24 = 6*l + 3*g, -l + g = -2. List the prime factors of l.
2, 3
Let s(q) = 22*q - 2. List the prime factors of s(1).
2, 5
Let p(g) = 9*g**2 + 2*g - 1. Let q = 0 + 2. List the prime factors of p(q).
3, 13
Let y(x) = -2*x - 3. Let h be y(-3). Let v(c) = -h*c + 3*c**2 + c + c + 2. What are the prime factors of v(2)?
2, 3
Let m(y) = y - 3. Let z be m(5). Let g = z + 16. What are the prime factors of g?
2, 3
Suppose 4*r - 72 = r. What are the prime factors of r?
2, 3
Suppose 0*w + 16 = 2*w. Suppose -w = 4*p - 36. List the prime factors of p.
7
Let q = -145 + 262. List the prime factors of q.
3, 13
Let o(g) = 2*g + 1 - g + 2*g - g. What are the prime factors of o(6)?
13
Let p(w) = -3*w - 3. Let b(j) = 4*j + 3. Let h(u) = -4*b(u) - 3*p(u). List the prime factors of h(-2).
11
Suppose 2*h - 11 = 3*v, -h + 0 + 3 = v. Suppose h*a = 3*c - 7*c + 56, -3*a - c + 42 = 0. What are the prime factors of a?
2, 7
Let j = -2 + -1. Let t be (j - -6) + 1 + 0. Suppose -t*s = -2 - 26. List the prime factors of s.
7
Let o be (-1760)/(-48) - 2/3. Let j = o + -2. List the prime factors of j.
2, 17
Let y(c) = -c**3 - 8*c**2 - 7*c - 15. What are the prime factors of y(-8)?
41
Let r(g) = g**2 + 15*g - 6. What are the prime factors of r(-16)?
2, 5
Let b(n) = -4*n - 3. Let f be b(3). Let a = f - -21. Let x = a - -1. List the prime factors of x.
7
Suppose -12*p - 3*p + 2970 = 0. List the prime factors of p.
2, 3, 11
Let l be (16/(-10))/((-6)/105). Suppose 3*h + h = -l. Let w = h - -12. What are the prime factors of w?
5
Let i be 51/(-12) + (-12)/16. Let m(n) = n**2 + 4*n - 3. List the prime factors of m(i).
2
List the prime factors of ((-28)/5)/(1/(-5)).
2, 7
Suppose 0 = -k - 0*k + 3. Let l(o) = o**2 + 3*o**2 - 1 - 3*o + k*o. What are the prime factors of l(-2)?
3, 5
Let j(d) = 4*d**3 - d**2 + 3*d + 4. Let l be j(-3). Let h be l*((-9)/6 + 0). List the prime factors of h/18 + 2/(-12).
2, 5
Suppose 4*y - 260 = -0*y. Suppose -4*v - 16 - 23 = -3*z, -2*v - y = -5*z. List the prime factors of z.
13
Let a be 1/(-2 + (-3)/(-2)). Let g = a + 26. What are the prime factors of g?
2, 3
Let n(p) = 2*p + 4. Let v be n(4). Suppose -4*i + 8*i - v = 0. What are the prime factors of i?
3
Let c = 22 + -12. Suppose 50 - c = 5*a. What are the prime factors of a?
2
Suppose 3*c + b = -28, -b = -5*c - 85 + 33. Let y = c + 13. List the prime factors of (2*-13)/((-6)/y).
13
Suppose 2*j + 3 = -1, -5*m = 5*j - 5. Suppose -142 + 49 = -m*f. What are the prime factors of f?
31
Let v(j) = j - 2. Let o be v(3). What are the prime factors of o*-5*(-48)/20?
2, 3
Let n(p) be the second derivative of -p**5/20 - p**4/6 - p**3/6 - 3*p**2/2 + 6*p. Suppose 3*t + t - 3*i = -15, -8 = 3*t + i. What are the prime factors of n(t)?
3
Suppose 3*l - 5*h + 4*h = 59, 0 = 4*l - 2*h - 80. Suppose -2*c + 14 = -5*y, -4*y - l = 3*c + 6. What are the prime factors of y/(-2)*13/2?
13
What are the prime factors of ((-305)/2)/(4/(-8))?
5, 61
Let s be (5 - 2) + -4 + 3. Suppose -s*v + 38 = -0. List the prime factors of v.
19
Let n be (4/(-1))/((-6)/(-9)). Suppose 2*k - 38 = -2*h - 3*k, -5*k = 3*h - 57. Let z = n + h. List the prime factors of z.
13
What are the prime factors of (-10955)/(-28) - ((-3)/4 - 0)?
2, 7
Let y(l) = l**3 + l**2 + l. Let v be y(0). Let k be (-7)/9 - 8/36. What are the prime factors of 6/(2 - k) - v?
2
Suppose 2*f + 15 = 7*f. Suppose -26 = -3*n + 5*r, -f*n + 18 = -4*r + r. Suppose 4*p - n*b - 17 = 31, 0 = 2*b. What are the prime factors of p?
2, 3
Suppose 4 = -2*k + 52. Suppose -c + 3*c - k = 0. Let g = 17 - c. What are the prime factors of g?
5
Suppose -3*t - o + 101 = 0, 2*t = -0*o - o + 66. Let s = t - 21. Suppose 0 = -2*k - 2*q + s - 4, 5*k = q + 25. What are the prime factors of k?
5
Suppose 0 = 4*k, -2*k - 20 = -2*w + k. Suppose 4*j - w = 2*j. What are the prime factors of j?
5
Let y = -8 - -11. Let l be (2/y)/((-2)/(-6)). Suppose -x + l*a = 2*x - 15, 34 = 4*x + 2*a. List the prime factors of x.
7
Let c(h) = h**2 - 2*h - 4. Suppose 2*t + 7 - 1 = 0. What are the prime factors of c(t)?
11
Let m = 1 - -5. Suppose 2*l - 4*l - 2*g + 4 = 0, -3*l = -4*g - m. Let p = 5